s the highest common divisor of t and 1875?
3
Suppose 2*a = 5*r + 627, -4*r - 495 = -0*r + 5*a. Let z = r + 197. Calculate the highest common divisor of z and 27.
9
Suppose -5*n + 29 = 3*r, 2*r - 4 = n - 2. Let q be (-2 + r)/(((-30)/(-295))/6). Calculate the greatest common divisor of q and 59.
59
Let b = -84 - -105. Calculate the highest common factor of b and 161.
7
Let m(s) = -s**3 - 35*s**2 + 140*s - 126. Let u be m(-39). What is the highest common factor of 664 and u?
166
Let u be 30*11/((-440)/(-24)). Calculate the greatest common factor of u and 2259.
9
Suppose 4*y = -57 + 401. Let r = y - 76. Suppose -176 - 24 = -r*g. What is the greatest common divisor of g and 30?
10
Let k = -49 + 52. Let v(t) = 27*t - 3. Let f be v(k). Let q(y) = y**3 - 4*y**2 - 8*y + 2. Let w be q(6). Calculate the greatest common factor of f and w.
26
Let u = -29429 - -42788. What is the highest common factor of u and 183?
183
Let n(s) = s**3 - 22*s**2 + 20*s + 20. Let o be n(21). Let a = 76 + -127. Let t be 10/6 + o - 374/a. Calculate the highest common divisor of t and 8.
8
Let m(p) = 54*p - 144. Let v be m(3). Calculate the highest common factor of v and 4185.
9
Let i(z) = -z**3 + 7*z**2 - 3*z - 9. Let w be i(6). Suppose w*a + 457 = 1717. Let x = 2 + 26. Calculate the highest common divisor of x and a.
28
Let l = 485 + -344. Let t be -4*l/(-2) + 6. What is the greatest common factor of t and 18?
18
Suppose -4*o - 5*u + 1506 = 0, o + 4*o + u = 1872. Let j(f) = -3*f**3 + 8*f**2 + 13*f + 4. Let m be j(-2). Calculate the greatest common divisor of o and m.
34
Let y(a) = a**3 + 5*a**2 + 15. Let f = 494 + -499. Let g be y(f). Let m(i) = 2*i**3 - 6*i**2 + 5. Let l be m(5). What is the highest common factor of l and g?
15
Suppose 53 = 3*s - 25. Let j(f) = -f**3 - 98*f**2 - 116*f - 1752. Let q be j(-97). Calculate the highest common factor of q and s.
13
Let l = -3563 - -3608. Calculate the greatest common factor of l and 6255.
45
Suppose -9*q + 0*q = -5*q - 64. Let t = 22 + 50. What is the greatest common factor of t and q?
8
Suppose 4*o = -o + 30. Let x(w) = -2 - 7 + 33142*w - 33149*w + 2*w**2 - 3*w**2 + 3*w**2. Let n be x(o). What is the highest common factor of n and 84?
21
Suppose -5*c = -c - 4, -5*l - 3*c = -68. Suppose x = -2*k + k + 1, 4*k + 12 = 4*x. Let f be 6 + 7 - (k + 1). Calculate the greatest common divisor of l and f.
13
Let s be (-1645)/(-110) + 20/440. What is the highest common factor of 6255 and s?
15
Let h(o) = -8*o + 83. Let w be h(10). Suppose 0 = w*x + 20*x - 184. What is the highest common factor of 3 and x?
1
Suppose 33*k = 3356 + 1792. Calculate the greatest common factor of 1428 and k.
12
Let g(s) = -1991*s**3 - 2*s**2 - 18*s - 15. Let r be g(-1). Calculate the greatest common factor of r and 72.
24
Suppose -3*d + 40 = 16. Suppose -12*k + 10*k = -d. Suppose 65 = k*l - 4*g - 3, l + g - 27 = 0. What is the highest common factor of l and 2?
2
Let s be 192740/60 + 65/78 + (-2)/12. Calculate the greatest common factor of 243 and s.
27
Suppose 5*f + 27 = 2*k + 109, -5*f = 4*k - 106. Suppose -5*o + 2*d = 7*d - 1015, -4*d = -2*o + 430. Calculate the greatest common factor of o and f.
9
Let w(q) = 4*q - 10 - 11*q + 8*q + 25. Let h be w(-7). What is the highest common divisor of h and 2?
2
Suppose 5 = 7*w - 4*w + h, 4*w - h = 9. Let v be (w*(-1)/(-2))/(20/640). Calculate the greatest common divisor of 288 and v.
32
Let v(l) = 13*l**3 - 10*l**2 + 18*l. Let t be v(3). Calculate the greatest common divisor of 2394 and t.
63
Let s = 3716 - 8220. Let d be s/(-18) + 3 - (-8)/(-36). What is the greatest common divisor of 33 and d?
11
Let x(h) = 401*h**2 + 3*h + 14. Let n be x(-2). Suppose 4*m = n + 1532. What is the greatest common divisor of 6 and m?
6
Suppose -5*g = -9*g + 11*g - 29106. Calculate the greatest common divisor of 1155 and g.
231
Suppose 5*n + 42 = h, -5*h - 11*n + 132 = -10*n. Let c be 306/h - (-6)/9. Calculate the greatest common divisor of c and 1116.
12
Suppose 110*m = 77*m + 12936. What is the highest common divisor of m and 28?
28
Let u(k) = -93*k - 259. Let b be u(-3). What is the highest common factor of b and 324?
4
Suppose r = -3*t + 8489, 0 = t - 7*r + 1750 - 4609. What is the highest common divisor of t and 447?
149
Let y(i) = i**3 + 7*i**2 - i - 4. Let n be y(-5). Let u be n/2*(-28)/(-14). What is the highest common factor of u and 34?
17
Suppose l - 108 = -2*l. Let u(k) = 4*k**2 - 22*k - 9. Let h(b) = b + 1. Let q(a) = -6*h(a) - u(a). Let s be q(4). What is the highest common factor of l and s?
3
Let l be 0 + -13 - (-5 + -10 - -12). Let v be (-221 + 1)*(2 + l/4). Calculate the highest common factor of v and 20.
10
Let w(o) = -9*o + 49. Suppose -51 = -2*k - 51. Let v be w(k). Calculate the highest common factor of v and 49.
49
Let b = 3454 - 3314. What is the highest common factor of b and 322?
14
Let r = -13960 + 35925. What is the greatest common divisor of 115 and r?
115
Let a be (25194/6669)/(1/234). Calculate the highest common divisor of a and 8619.
221
Let h = 139 - 139. Suppose h = -2*z - 6 + 30. Let c = 221 - 137. What is the greatest common divisor of z and c?
12
Let q = -6 + 8. Suppose 11 = q*d - 5. Let x(n) = -220*n**2 + 1763*n. Let k be x(8). What is the greatest common factor of k and d?
8
Let h = -10 + 69. Let m = h + -42. Suppose -158 = -5*p + 5*z + 87, -3*z + 108 = 2*p. What is the greatest common factor of p and m?
17
Let y(o) = -24*o + 2311. Let p be y(64). Calculate the highest common divisor of 25 and p.
25
Suppose 0 = 2*s + 5*t - 9828, -2*t = -4*s + 5*s - 4914. Suppose 7*k - 46*k = -s. Let p = 8 + 6. Calculate the highest common divisor of k and p.
14
Let t(m) = m**2 - 32*m + 222. Let w be t(22). Let n = -8 + 13. Calculate the greatest common factor of w and n.
1
Suppose b + 3 = 6. Suppose 24 = 32*g - 26*g. Suppose 14 = g*y - b*y. Calculate the greatest common divisor of y and 140.
14
Let g(c) = c**3 + 85*c**2 - 358*c - 140. Let z be g(-89). Calculate the highest common factor of 2413 and z.
19
Suppose i - 19 + 23 = 0. Let t be -1 - (i/(-6) + 2154/(-18)). Suppose -5*o - 42 - t = -5*x, -66 = -2*x + 3*o. What is the highest common divisor of 240 and x?
30
Let i(j) = 37*j**3 - 2*j**2 + 5*j - 4. Let a(t) = -t**3 - 12*t**2 - 10*t + 12. Let y be a(-11). Let f be i(y). What is the greatest common factor of 18 and f?
18
Let w be -1 + 17/((-4)/2 - -1). Let x = 90 - w. Suppose -x - 96 = -12*g. What is the highest common factor of g and 17?
17
Let m(z) = z**2 - 8*z + 6. Let v be m(8). Suppose j + 3*p = v, -4*p + 24 = 3*j - 9. What is the greatest common divisor of j and 885?
15
Let s(c) = -c**3 + 53*c**2 + 181*c - 392. Let x be s(56). What is the highest common factor of x and 651?
21
Suppose 5*u - 7*u = 120. Let j be 2/(5*(-8)/u). Let r be -4 + (j - -1) + 4 + 196. Calculate the greatest common divisor of r and 25.
25
Let k(z) = -32*z - 81. Let q = 23 + -26. Let u be k(q). Suppose 4*x + 0*x = 240. Calculate the highest common factor of u and x.
15
Let s be -2*((-1026)/36 + 6). What is the greatest common divisor of s and 935?
5
Suppose -5*t + 3*w + 161 = 1902, 347 = -t + w. Let k = -301 - t. Calculate the highest common factor of k and 7.
7
Let g = 76 - 80. Let z(s) = s**2 - 4*s - 2. Let u be z(g). Calculate the highest common factor of u and 20.
10
Suppose -8 - 15 = -5*k + 47. What is the highest common divisor of k and 7980?
14
Let a(j) = 2*j**3 - 14*j**2 - 80*j + 1483. Let t be a(26). What is the highest common factor of t and 11?
11
Let c(x) = -6*x**2 - 53*x + 29. Let q(z) = 4*z**2 + 52*z - 29. Let w(v) = 3*c(v) + 4*q(v). Let u be w(23). Calculate the greatest common factor of u and 64.
8
Let i = 2056 - 1232. Let d be (i/(-24) - 1/1)*3. Let l = -66 - d. Calculate the highest common divisor of l and 10.
10
Let f(u) = u**3 - 56*u**2 + 155*u + 277. Let w be f(53). Calculate the greatest common divisor of w and 295.
5
Suppose 0 = t + 4*o - 36, 2*t = 2*o - 10 + 42. Calculate the greatest common divisor of 412 and t.
4
Let i be -2*((-475)/10)/5. Suppose 0 = -5*z - 9 + i. Suppose 65 = z*u + 9. What is the highest common divisor of 7 and u?
7
Let v(y) = 3*y**2 - 17*y + 47. Let r(f) = -f**2 + 9*f - 23. Let c(z) = 5*r(z) + 3*v(z). Let w be c(-7). What is the highest common divisor of w and 24?
24
Let x be 7/(-35)*-15516 +